{"id":15480,"date":"2020-02-19T13:17:07","date_gmt":"2020-02-19T12:17:07","guid":{"rendered":"https:\/\/tempo.dam-online.de\/veranstaltung\/was-wir-aus-den-grosssiedlungen-fuer-den-staedtebau-der-zunkunft-lernen-koennen\/"},"modified":"2020-04-21T20:05:16","modified_gmt":"2020-04-21T18:05:16","slug":"was-wir-aus-den-grosssiedlungen-fuer-den-staedtebau-der-zunkunft-lernen-koennen","status":"publish","type":"tribe_events","link":"https:\/\/tempo.dam-online.de\/en\/veranstaltung\/was-wir-aus-den-grosssiedlungen-fuer-den-staedtebau-der-zunkunft-lernen-koennen\/","title":{"rendered":"Canceled! Was wir aus den Gro\u00dfsiedlungen f\u00fcr den St\u00e4dtebau der Zunkunft lernen k\u00f6nnen"},"content":{"rendered":"<h2>Was wir aus den Gro\u00dfsiedlungen f\u00fcr den St\u00e4dtebau der Zunkunft lernen k\u00f6nnen<\/h2>\n<p><strong>Andreas Hofer<\/strong>, K\u00fcnstlerischer Leiter IBA 2027 StadtRegion Stuttgart<\/p>\n<p><strong>Fr, 8. Mai 2020, 19 Uhr<\/strong><br \/>\n<strong>\u20ac 5<\/strong> inkl. Ausstellungsbesuch<\/p>\n","protected":false},"excerpt":{"rendered":"<p>Andreas Hofer, K\u00fcnstlerischer Leiter IBA 2027 StadtRegion Stuttgart<\/p>\n","protected":false},"author":7,"featured_media":15004,"template":"","meta":{"_acf_changed":false,"_et_pb_use_builder":"","_et_pb_old_content":"","_et_gb_content_width":"","_tribe_events_status":"","_tribe_events_status_reason":"","_tribe_events_is_hybrid":"","_tribe_events_is_virtual":"","_tribe_events_virtual_video_source":"","_tribe_events_virtual_embed_video":"","_tribe_events_virtual_linked_button_text":"","_tribe_events_virtual_linked_button":"","_tribe_events_virtual_show_embed_at":"","_tribe_events_virtual_show_embed_to":[],"_tribe_events_virtual_show_on_event":"","_tribe_events_virtual_show_on_views":"","_tribe_events_virtual_url":"","footnotes":""},"tags":[261],"veranstaltungs_formate":[132,128],"tribe_events_cat":[253],"hf_cat_tribe_events":[],"class_list":["post-15480","tribe_events","type-tribe_events","status-publish","has-post-thumbnail","hentry","tag-bp-neue-heimat-en","veranstaltungs_formate-begleitprogramm","veranstaltungs_formate-vortrag","veranstaltungs_bedingungen-mit-eintritt","tribe_events_cat-veranstaltung-en","cat_veranstaltung-en"],"acf":[],"_links":{"self":[{"href":"https:\/\/tempo.dam-online.de\/en\/wp-json\/wp\/v2\/tribe_events\/15480","targetHints":{"allow":["GET"]}}],"collection":[{"href":"https:\/\/tempo.dam-online.de\/en\/wp-json\/wp\/v2\/tribe_events"}],"about":[{"href":"https:\/\/tempo.dam-online.de\/en\/wp-json\/wp\/v2\/types\/tribe_events"}],"author":[{"embeddable":true,"href":"https:\/\/tempo.dam-online.de\/en\/wp-json\/wp\/v2\/users\/7"}],"version-history":[{"count":0,"href":"https:\/\/tempo.dam-online.de\/en\/wp-json\/wp\/v2\/tribe_events\/15480\/revisions"}],"wp:featuredmedia":[{"embeddable":true,"href":"https:\/\/tempo.dam-online.de\/en\/wp-json\/wp\/v2\/media\/15004"}],"wp:attachment":[{"href":"https:\/\/tempo.dam-online.de\/en\/wp-json\/wp\/v2\/media?parent=15480"}],"wp:term":[{"taxonomy":"post_tag","embeddable":true,"href":"https:\/\/tempo.dam-online.de\/en\/wp-json\/wp\/v2\/tags?post=15480"},{"taxonomy":"veranstaltungs_formate","embeddable":true,"href":"https:\/\/tempo.dam-online.de\/en\/wp-json\/wp\/v2\/veranstaltungs_formate?post=15480"},{"taxonomy":"tribe_events_cat","embeddable":true,"href":"https:\/\/tempo.dam-online.de\/en\/wp-json\/wp\/v2\/tribe_events_cat?post=15480"},{"taxonomy":"hf_cat_tribe_events","embeddable":true,"href":"https:\/\/tempo.dam-online.de\/en\/wp-json\/wp\/v2\/hf_cat_tribe_events?post=15480"}],"curies":[{"name":"wp","href":"https:\/\/api.w.org\/{rel}","templated":true}]}}

Canceled! Was wir aus den Großsiedlungen für den Städtebau der Zunkunft lernen können

<h2>Was wir aus den Großsiedlungen für den Städtebau der Zunkunft lernen können</h2>
<p><strong>Andreas Hofer</strong>, Künstlerischer Leiter IBA 2027 StadtRegion Stuttgart</p>
<p><strong>Fr, 8. Mai 2020, 19 Uhr</strong><br />
<strong>€ 5</strong> inkl. Ausstellungsbesuch</p>

<p>Andreas Hofer, Künstlerischer Leiter IBA 2027 StadtRegion Stuttgart</p>
