{"id":15479,"date":"2020-02-19T13:16:27","date_gmt":"2020-02-19T12:16:27","guid":{"rendered":"https:\/\/tempo.dam-online.de\/veranstaltung\/schinkel-baumeister-des-klassizismus\/"},"modified":"2020-04-21T20:09:45","modified_gmt":"2020-04-21T18:09:45","slug":"schinkel-baumeister-des-klassizismus","status":"publish","type":"tribe_events","link":"https:\/\/tempo.dam-online.de\/en\/veranstaltung\/schinkel-baumeister-des-klassizismus\/","title":{"rendered":"Canceled! SCHINKEL &#8211; BAUMEISTER DES KLASSIZISMUS"},"content":{"rendered":"<p>Fortbildung f\u00fcr Lehrkr\u00e4fte und Interessierte<\/p>\n<p><strong>Arne Winkelmann, Dr.-Ing. \/ Kulturwissenschaftler,<\/strong><br \/>\n<strong>Saturday, March 13 2020<\/strong>, 3-6 p.m.Uhr<br \/>\n<strong>DAM Auditorium<\/strong><br \/>\n<strong>\u20ac 15 \/ \u20ac 7,50<\/strong> (Studierende \/ Referendare)<\/p>\n<p>Die Architektur von Karl Friedrich Schinkel habe die Baukunst der Griechen und R\u00f6mer in Preu\u00dfen zur Vollendung gebracht, sagt man pathetish. Seine Entw\u00fcrfe pr\u00e4gten und pr\u00e4gen bis heute das Stadtbild Berlins, seine sachliche und klassizistische Architektur brachten vielerorts Ruhe und Ordnung in ihr st\u00e4dtebauliches Umfeld. Mit S\u00e4ulen und Tempelportalen, klassischen Reliefs und Statuen verwirklichte er baulich das Schlagwort vom \u201cSpree-Athen\u201d. Aber Schinkel entwarf auch in anderen Stilen: neugotisch, mittelalterlich, schweizerisch oder wie bei der Bauakademie als Vorl\u00e4ufer der Moderne. Das Werk Schinkels ist ein eigener Kosmos, in das die Fortbildung einf\u00fchren m\u00f6chte.<\/p>\n<p><strong>Anmeldung:<\/strong> dam.vermittlung@stadt-frankfurt.de<\/p>\n<p>&nbsp;<\/p>\n<p>&nbsp;<\/p>\n","protected":false},"excerpt":{"rendered":"<p>Fortbildung f\u00fcr Lehrkr\u00e4fte und Interessierte<br \/>\nDie Architektur von Karl Friedrich Schinkel habe die Baukunst der Griechen und R\u00f6mer in Preu\u00dfen zur Vollendung gebracht, sagt man pathetish. Seine Entw\u00fcrfe pr\u00e4gten und pr\u00e4gen bis heute das Stadtbild Berlins, seine sachliche und klassizistische Architektur brachten vielerorts Ruhe und Ordnung in ihr st\u00e4dtebauliches Umfeld.<\/p>\n","protected":false},"author":7,"featured_media":11316,"template":"","meta":{"_acf_changed":false,"_et_pb_use_builder":"","_et_pb_old_content":"","_et_gb_content_width":"","_tribe_events_status":"","_tribe_events_status_reason":"","_tribe_events_is_hybrid":"","_tribe_events_is_virtual":"","_tribe_events_virtual_video_source":"","_tribe_events_virtual_embed_video":"","_tribe_events_virtual_linked_button_text":"","_tribe_events_virtual_linked_button":"","_tribe_events_virtual_show_embed_at":"","_tribe_events_virtual_show_embed_to":[],"_tribe_events_virtual_show_on_event":"","_tribe_events_virtual_show_on_views":"","_tribe_events_virtual_url":"","footnotes":""},"tags":[],"veranstaltungs_formate":[136],"tribe_events_cat":[253,255],"hf_cat_tribe_events":[],"class_list":["post-15479","tribe_events","type-tribe_events","status-publish","has-post-thumbnail","hentry","veranstaltungs_formate-fortbildung","veranstaltungs_bedingungen-fuer-lehrkraefte","veranstaltungs_bedingungen-mit-teilnahmegebuehr","tribe_events_cat-veranstaltung-en","tribe_events_cat-vermittlung-en","cat_veranstaltung-en","cat_vermittlung-en"],"acf":[],"_links":{"self":[{"href":"https:\/\/tempo.dam-online.de\/en\/wp-json\/wp\/v2\/tribe_events\/15479","targetHints":{"allow":["GET"]}}],"collection":[{"href":"https:\/\/tempo.dam-online.de\/en\/wp-json\/wp\/v2\/tribe_events"}],"about":[{"href":"https:\/\/tempo.dam-online.de\/en\/wp-json\/wp\/v2\/types\/tribe_events"}],"author":[{"embeddable":true,"href":"https:\/\/tempo.dam-online.de\/en\/wp-json\/wp\/v2\/users\/7"}],"version-history":[{"count":0,"href":"https:\/\/tempo.dam-online.de\/en\/wp-json\/wp\/v2\/tribe_events\/15479\/revisions"}],"wp:featuredmedia":[{"embeddable":true,"href":"https:\/\/tempo.dam-online.de\/en\/wp-json\/wp\/v2\/media\/11316"}],"wp:attachment":[{"href":"https:\/\/tempo.dam-online.de\/en\/wp-json\/wp\/v2\/media?parent=15479"}],"wp:term":[{"taxonomy":"post_tag","embeddable":true,"href":"https:\/\/tempo.dam-online.de\/en\/wp-json\/wp\/v2\/tags?post=15479"},{"taxonomy":"veranstaltungs_formate","embeddable":true,"href":"https:\/\/tempo.dam-online.de\/en\/wp-json\/wp\/v2\/veranstaltungs_formate?post=15479"},{"taxonomy":"tribe_events_cat","embeddable":true,"href":"https:\/\/tempo.dam-online.de\/en\/wp-json\/wp\/v2\/tribe_events_cat?post=15479"},{"taxonomy":"hf_cat_tribe_events","embeddable":true,"href":"https:\/\/tempo.dam-online.de\/en\/wp-json\/wp\/v2\/hf_cat_tribe_events?post=15479"}],"curies":[{"name":"wp","href":"https:\/\/api.w.org\/{rel}","templated":true}]}}

<p>Fortbildung für Lehrkräfte und Interessierte</p>
<p><strong>Arne Winkelmann, Dr.-Ing. / Kulturwissenschaftler,</strong><br />
<strong>Saturday, March 13 2020</strong>, 3-6 p.m.Uhr<br />
<strong>DAM Auditorium</strong><br />
<strong>€ 15 / € 7,50</strong> (Studierende / Referendare)</p>
<p>Die Architektur von Karl Friedrich Schinkel habe die Baukunst der Griechen und Römer in Preußen zur Vollendung gebracht, sagt man pathetish. Seine Entwürfe prägten und prägen bis heute das Stadtbild Berlins, seine sachliche und klassizistische Architektur brachten vielerorts Ruhe und Ordnung in ihr städtebauliches Umfeld. Mit Säulen und Tempelportalen, klassischen Reliefs und Statuen verwirklichte er baulich das Schlagwort vom “Spree-Athen”. Aber Schinkel entwarf auch in anderen Stilen: neugotisch, mittelalterlich, schweizerisch oder wie bei der Bauakademie als Vorläufer der Moderne. Das Werk Schinkels ist ein eigener Kosmos, in das die Fortbildung einführen möchte.</p>
<p><strong>Anmeldung:</strong> dam.vermittlung@stadt-frankfurt.de</p>
<p>&nbsp;</p>
<p>&nbsp;</p>

<p>Fortbildung für Lehrkräfte und Interessierte<br />
Die Architektur von Karl Friedrich Schinkel habe die Baukunst der Griechen und Römer in Preußen zur Vollendung gebracht, sagt man pathetish. Seine Entwürfe prägten und prägen bis heute das Stadtbild Berlins, seine sachliche und klassizistische Architektur brachten vielerorts Ruhe und Ordnung in ihr städtebauliches Umfeld.</p>
