{"id":14123,"date":"2020-03-17T21:37:34","date_gmt":"2020-03-17T20:37:34","guid":{"rendered":"https:\/\/tempo.dam-online.de\/?post_type=tribe_events&#038;p=14123"},"modified":"2020-03-17T21:38:07","modified_gmt":"2020-03-17T20:38:07","slug":"bauakademie-fuer-kinder","status":"publish","type":"tribe_events","link":"https:\/\/tempo.dam-online.de\/en\/veranstaltung\/bauakademie-fuer-kinder\/","title":{"rendered":"Cancelled! Bauakademie"},"content":{"rendered":"<h2>Lattenwald &#8211; Zauberhaft<\/h2>\n<p><strong>In den Osterferien<\/strong><\/p>\n<p>Die Ausstellung THE PLAYGROUND PROJECT &#8211; Architektur f\u00fcr Kinder zeigt den Abenteuerspielplatz von gestern, wir entwerfen das Spielplatzabenteuer von morgen: Holzlatten &#8211; ges\u00e4gt, verschraubt, geschnitzt &#8211; wachsen zu einer riesigen, den Raum f\u00fcllenden Skulptur zum Klettern, Verstecken und Erobern\u2026. frei nach dem Motto: Spielen ist keine Kunst, aufh\u00f6ren schon.<\/p>\n<p>Mo, 6. \u2013 Do, 9. April 2020, 10 \u2013 15 Uhr, DAM Auditorium<br \/>\nab 6 Jahren, \u20ac75 (Erm\u00e4\u00dfigung m\u00f6glich)<br \/>\nmit: Bettina Gebhardt, Dipl.-Ing. Arch.<\/p>\n<p>Anmeldung <a href=\"mailto:dam.vermittlung@stadt-frankfurt.de\">dam.vermittlung@stadt-frankfurt.de<\/a><\/p>\n","protected":false},"excerpt":{"rendered":"<p>Lattenwald &#8211; Zauberhaft<\/p>\n","protected":false},"author":7,"featured_media":13066,"template":"","meta":{"_acf_changed":false,"_et_pb_use_builder":"","_et_pb_old_content":"","_et_gb_content_width":"","_tribe_events_status":"","_tribe_events_status_reason":"","_tribe_events_is_hybrid":"","_tribe_events_is_virtual":"","_tribe_events_virtual_video_source":"","_tribe_events_virtual_embed_video":"","_tribe_events_virtual_linked_button_text":"","_tribe_events_virtual_linked_button":"","_tribe_events_virtual_show_embed_at":"","_tribe_events_virtual_show_embed_to":[],"_tribe_events_virtual_show_on_event":"","_tribe_events_virtual_show_on_views":"","_tribe_events_virtual_url":"","footnotes":""},"tags":[],"veranstaltungs_formate":[135],"tribe_events_cat":[253,255],"hf_cat_tribe_events":[],"class_list":["post-14123","tribe_events","type-tribe_events","status-publish","has-post-thumbnail","hentry","veranstaltungs_formate-workshop","veranstaltungs_bedingungen-fuer-familien-kinder-jugendliche","veranstaltungs_bedingungen-im-haus","veranstaltungs_bedingungen-mit-anmeldung","veranstaltungs_bedingungen-mit-teilnahmegebuehr","tribe_events_cat-veranstaltung-en","tribe_events_cat-vermittlung-en","cat_veranstaltung-en","cat_vermittlung-en"],"acf":[],"_links":{"self":[{"href":"https:\/\/tempo.dam-online.de\/en\/wp-json\/wp\/v2\/tribe_events\/14123","targetHints":{"allow":["GET"]}}],"collection":[{"href":"https:\/\/tempo.dam-online.de\/en\/wp-json\/wp\/v2\/tribe_events"}],"about":[{"href":"https:\/\/tempo.dam-online.de\/en\/wp-json\/wp\/v2\/types\/tribe_events"}],"author":[{"embeddable":true,"href":"https:\/\/tempo.dam-online.de\/en\/wp-json\/wp\/v2\/users\/7"}],"version-history":[{"count":0,"href":"https:\/\/tempo.dam-online.de\/en\/wp-json\/wp\/v2\/tribe_events\/14123\/revisions"}],"wp:featuredmedia":[{"embeddable":true,"href":"https:\/\/tempo.dam-online.de\/en\/wp-json\/wp\/v2\/media\/13066"}],"wp:attachment":[{"href":"https:\/\/tempo.dam-online.de\/en\/wp-json\/wp\/v2\/media?parent=14123"}],"wp:term":[{"taxonomy":"post_tag","embeddable":true,"href":"https:\/\/tempo.dam-online.de\/en\/wp-json\/wp\/v2\/tags?post=14123"},{"taxonomy":"veranstaltungs_formate","embeddable":true,"href":"https:\/\/tempo.dam-online.de\/en\/wp-json\/wp\/v2\/veranstaltungs_formate?post=14123"},{"taxonomy":"tribe_events_cat","embeddable":true,"href":"https:\/\/tempo.dam-online.de\/en\/wp-json\/wp\/v2\/tribe_events_cat?post=14123"},{"taxonomy":"hf_cat_tribe_events","embeddable":true,"href":"https:\/\/tempo.dam-online.de\/en\/wp-json\/wp\/v2\/hf_cat_tribe_events?post=14123"}],"curies":[{"name":"wp","href":"https:\/\/api.w.org\/{rel}","templated":true}]}}

<h2>Lattenwald &#8211; Zauberhaft</h2>
<p><strong>In den Osterferien</strong></p>
<p>Die Ausstellung THE PLAYGROUND PROJECT &#8211; Architektur für Kinder zeigt den Abenteuerspielplatz von gestern, wir entwerfen das Spielplatzabenteuer von morgen: Holzlatten &#8211; gesägt, verschraubt, geschnitzt &#8211; wachsen zu einer riesigen, den Raum füllenden Skulptur zum Klettern, Verstecken und Erobern…. frei nach dem Motto: Spielen ist keine Kunst, aufhören schon.</p>
<p>Mo, 6. – Do, 9. April 2020, 10 – 15 Uhr, DAM Auditorium<br />
ab 6 Jahren, €75 (Ermäßigung möglich)<br />
mit: Bettina Gebhardt, Dipl.-Ing. Arch.</p>
<p>Anmeldung <a href="mailto:dam.vermittlung@stadt-frankfurt.de">dam.vermittlung@stadt-frankfurt.de</a></p>
